{"id":11,"date":"2020-05-06T09:45:26","date_gmt":"2020-05-06T07:45:26","guid":{"rendered":"http:\/\/elektrotechnik-ellwart.de\/?page_id=11"},"modified":"2020-05-06T12:11:26","modified_gmt":"2020-05-06T10:11:26","slug":"impressum","status":"publish","type":"page","link":"https:\/\/elektrotechnik-ellwart.de\/?page_id=11","title":{"rendered":"Impressum"},"content":{"rendered":"\n<div class=\"wp-block-group\"><div class=\"wp-block-group__inner-container\">\n<p class=\"has-background has-small-font-size has-light-gray-background-color\">Verantwortlich f\u00fcr den Inhalt<\/p>\n\n\n\n<p style=\"font-size:14.5px\" class=\"has-background has-light-gray-background-color\">Elektrotechnik Ellwart &#8211; Nils Ellwart<br>H\u00f6lmerweg 22<br>D-33775 Versmold\/Bockhorst<br>Telefon: +49 &#8211; 151 &#8211; 23477754<br>E-Mail: <a href=\"mailto:info@elektrotechnik.de\">info@elektrotechnik-ellwart.de<\/a><strong><br><br><\/strong>Inhaber: Nils Ellwart<\/p>\n\n\n\n<p style=\"font-size:16.5px\" class=\"has-background has-light-gray-background-color\">Registergericht: Amtsgericht <br>Registernummer:<br>Steuernummer: <\/p>\n\n\n\n<p style=\"font-size:16.5px\" class=\"has-background has-light-gray-background-color\">Inhaltlich Verantwortlicher gem\u00e4\u00df \u00a7 6 MDStV: Nils Ellwart<\/p>\n\n\n\n<p style=\"font-size:16.5px\" class=\"has-background has-light-gray-background-color\">Haftungshinweis: Trotz sorgf\u00e4ltiger inhaltlicher Kontrolle \u00fcbernehmen wir keine Haftung f\u00fcr die Inhalte externer Links. F\u00fcr den Inhalt der verlinkten Seiten sind ausschlie\u00dflich deren Betreiber verantwortlich.<br><br><strong>Idee, Konzept und Gestaltung:<\/strong><br>elektrotechnik-ellwart.de<\/p>\n<\/div><\/div>\n","protected":false},"excerpt":{"rendered":"<p>Verantwortlich f\u00fcr den Inhalt Elektrotechnik Ellwart &#8211; Nils EllwartH\u00f6lmerweg 22D-33775 Versmold\/BockhorstTelefon: +49 &#8211; 151 &#8211; 23477754E-Mail: info@elektrotechnik-ellwart.de Inhaber: Nils Ellwart Registergericht: Amtsgericht Registernummer:Steuernummer: Inhaltlich Verantwortlicher gem\u00e4\u00df \u00a7 6 MDStV: Nils Ellwart Haftungshinweis: Trotz sorgf\u00e4ltiger inhaltlicher Kontrolle \u00fcbernehmen wir keine Haftung f\u00fcr die Inhalte externer Links. F\u00fcr den Inhalt der verlinkten Seiten sind ausschlie\u00dflich deren Betreiber &hellip;<\/p>\n","protected":false},"author":1,"featured_media":0,"parent":0,"menu_order":0,"comment_status":"closed","ping_status":"closed","template":"","meta":[],"_links":{"self":[{"href":"https:\/\/elektrotechnik-ellwart.de\/index.php?rest_route=\/wp\/v2\/pages\/11"}],"collection":[{"href":"https:\/\/elektrotechnik-ellwart.de\/index.php?rest_route=\/wp\/v2\/pages"}],"about":[{"href":"https:\/\/elektrotechnik-ellwart.de\/index.php?rest_route=\/wp\/v2\/types\/page"}],"author":[{"embeddable":true,"href":"https:\/\/elektrotechnik-ellwart.de\/index.php?rest_route=\/wp\/v2\/users\/1"}],"replies":[{"embeddable":true,"href":"https:\/\/elektrotechnik-ellwart.de\/index.php?rest_route=%2Fwp%2Fv2%2Fcomments&post=11"}],"version-history":[{"count":6,"href":"https:\/\/elektrotechnik-ellwart.de\/index.php?rest_route=\/wp\/v2\/pages\/11\/revisions"}],"predecessor-version":[{"id":34,"href":"https:\/\/elektrotechnik-ellwart.de\/index.php?rest_route=\/wp\/v2\/pages\/11\/revisions\/34"}],"wp:attachment":[{"href":"https:\/\/elektrotechnik-ellwart.de\/index.php?rest_route=%2Fwp%2Fv2%2Fmedia&parent=11"}],"curies":[{"name":"wp","href":"https:\/\/api.w.org\/{rel}","templated":true}]}}