{"id":5,"date":"2020-05-02T21:40:09","date_gmt":"2020-05-02T19:40:09","guid":{"rendered":"http:\/\/elektrotechnik-ellwart.de\/?page_id=5"},"modified":"2020-05-06T11:16:07","modified_gmt":"2020-05-06T09:16:07","slug":"startseite","status":"publish","type":"page","link":"https:\/\/elektrotechnik-ellwart.de\/","title":{"rendered":"Home"},"content":{"rendered":"\n<p class=\"has-background has-light-gray-background-color\">Willkommen bei Elektrotechnik Ellwart<\/p>\n\n\n\n<div class=\"wp-block-group has-light-gray-background-color has-background\"><div class=\"wp-block-group__inner-container\">\n<p style=\"font-size:16.5px\">Hier entsteht unsere Internetseite um sie detailliert \u00fcber unser Leistungsangebot zu informieren.<\/p>\n\n\n\n<p style=\"font-size:16px\">Watt ihr Volt \u2026&nbsp;&nbsp;&nbsp; oder\u2026&nbsp; Besondere L\u00f6sungen f\u00fcr besondere Anforderungen.<\/p>\n\n\n\n<p style=\"font-size:16px\">Hinter unserer Firma, die \u00fcber fundierte Kenntnisse im Leistungsspektrum der Elektroinstallation, sowie spezielle Kenntnisse im Bereich Smart-Home, Heizungssteuerung oder Automatisierungstechnik verf\u00fcgt, verbirgt sich der Unternehmer Nils Ellwart.<\/p>\n\n\n\n<div class=\"wp-block-group\"><div class=\"wp-block-group__inner-container\">\n<p style=\"font-size:16px\">Dar\u00fcber hinaus erg\u00e4nzen uns unsere Gesch\u00e4ftspartner aus angrenzenden Gewerken, bei Bedarf, jederzeit unkompliziert und schnell. Sprechen Sie uns einfach an.<\/p>\n\n\n\n<p style=\"font-size:16px\">Wir freuen uns auf ihre Anfrage.<\/p>\n\n\n\n<p><\/p>\n<\/div><\/div>\n<\/div><\/div>\n\n\n\n<p><\/p>\n","protected":false},"excerpt":{"rendered":"<p>Willkommen bei Elektrotechnik Ellwart Hier entsteht unsere Internetseite um sie detailliert \u00fcber unser Leistungsangebot zu informieren. Watt ihr Volt \u2026&nbsp;&nbsp;&nbsp; oder\u2026&nbsp; Besondere L\u00f6sungen f\u00fcr besondere Anforderungen. Hinter unserer Firma, die \u00fcber fundierte Kenntnisse im Leistungsspektrum der Elektroinstallation, sowie spezielle Kenntnisse im Bereich Smart-Home, Heizungssteuerung oder Automatisierungstechnik verf\u00fcgt, verbirgt sich der Unternehmer Nils Ellwart. Dar\u00fcber hinaus &hellip;<\/p>\n","protected":false},"author":1,"featured_media":0,"parent":0,"menu_order":0,"comment_status":"closed","ping_status":"closed","template":"","meta":[],"_links":{"self":[{"href":"https:\/\/elektrotechnik-ellwart.de\/index.php?rest_route=\/wp\/v2\/pages\/5"}],"collection":[{"href":"https:\/\/elektrotechnik-ellwart.de\/index.php?rest_route=\/wp\/v2\/pages"}],"about":[{"href":"https:\/\/elektrotechnik-ellwart.de\/index.php?rest_route=\/wp\/v2\/types\/page"}],"author":[{"embeddable":true,"href":"https:\/\/elektrotechnik-ellwart.de\/index.php?rest_route=\/wp\/v2\/users\/1"}],"replies":[{"embeddable":true,"href":"https:\/\/elektrotechnik-ellwart.de\/index.php?rest_route=%2Fwp%2Fv2%2Fcomments&post=5"}],"version-history":[{"count":2,"href":"https:\/\/elektrotechnik-ellwart.de\/index.php?rest_route=\/wp\/v2\/pages\/5\/revisions"}],"predecessor-version":[{"id":24,"href":"https:\/\/elektrotechnik-ellwart.de\/index.php?rest_route=\/wp\/v2\/pages\/5\/revisions\/24"}],"wp:attachment":[{"href":"https:\/\/elektrotechnik-ellwart.de\/index.php?rest_route=%2Fwp%2Fv2%2Fmedia&parent=5"}],"curies":[{"name":"wp","href":"https:\/\/api.w.org\/{rel}","templated":true}]}}